t t(a) be the second derivative of -1/3*a**4 + 5*a + 1/2*a**2 + 0*a**3 + 0. Give t(-1).
-3
Let a(i) be the second derivative of i**4/12 - 5*i**3/6 + 7*i**2/2 + i. Suppose 4*w = -k + 45, 3*w - k - 14 = 25. Let y = w - 7. Give a(y).
7
Let s(c) = 2*c**3 - 6*c**2 - 1. Let t(q) = -q**3 + q**2 - q - 1. Let i(z) = -s(z) - 3*t(z). What is i(-3)?
-5
Let i(z) = -3*z - 5. Let l = 1 - 11. Let h be (-53)/5 - 6/l. Let y be h/3 - (-8)/(-12). Determine i(y).
7
Suppose 5*b - 1 = -3*c, 0*c + 4 = 5*b + 2*c. Let l(o) = o**2 + 5*o. Let v(x) = x**2 + 1. Let a(z) = b*v(z) - l(z). Calculate a(3).
-4
Let u(q) = -4 - 13*q**2 + 6*q**2 + 5*q**2 + 0 + 5*q. What is u(3)?
-7
Let d be 1/(-5) + (-240)/(-75). Let y(z) = 4*z - 5 + 2 - d*z. Give y(7).
4
Let d(v) = -3 - v + 2 - 3*v**2 - v**2. Let h be (-1 - -2)*(-7 - (1 + -7)). What is d(h)?
-4
Let r(y) = y**2 + 5*y. Let s be r(-5). Suppose s = -n + 1 + 3. Let t(k) = -n + 1 - 5 - k**2 + 4 - 4*k. Calculate t(-4).
-4
Let z(c) be the first derivative of c**2 - 8*c + 2. Let g be ((-6)/(-7))/(7/49). Give z(g).
4
Let y(u) = -u**2 - 23*u + 73. Let j be y(-26). Let c(f) = -f**3 - 5*f**2 - f + 3. Calculate c(j).
8
Let x(u) = u**2 + 4*u + 2. Let m be 1 - (0 - (2 - 5)). Calculate x(m).
-2
Let r(a) = 2 - 2*a + 0*a**2 + a**2 + 2*a**2 - 4*a**2. Let p = 1 - -1. Determine r(p).
-6
Let q = 0 - -2. Let g(l) = -5*l - 3 - 3*l**q + 2*l + 0. What is g(-2)?
-9
Let v(f) be the third derivative of f**5/60 - f**4/6 - f**3/6 - 2*f**2. Let u be v(3). Let a(k) = 3*k + 6. What is a(u)?
-6
Let s = 6 + 3. Let z(o) = o**2 + s*o + 6 - 3*o + o. What is z(-5)?
-4
Let v = 9 + -14. Let k(y) = -3*y + 4*y - 2 - 7 + 2. Give k(v).
-12
Let j(g) = -g**2 - 9*g - 6. Let d be j(-8). Suppose -2*m - 3 + 5 = h, 2*h = d*m + 4. Let y(u) = 1 + h + u - 2*u - 1. Calculate y(3).
-1
Let y(r) be the third derivative of r**5/30 - r**4/8 + r**3/3 - 7*r**2. What is y(2)?
4
Let z(l) = l**2 + 2*l + 1. Let y = 1 - 5. Suppose -3 - 7 = 2*n. Let d = n - y. Determine z(d).
0
Let p(b) = b**3 - 5*b**2 - 3. Let o be (1 - -6) + (2 + 0)/(-1). What is p(o)?
-3
Let z(b) = 2*b**2 + 2*b - 1. Let j(m) be the second derivative of -4*m**3/3 + m**2/2 - 2*m. Let c be j(-1). Suppose 3*t = -g - 2, 4*t - c*t = 5. Give z(g).
3
Let b(a) be the third derivative of a**6/120 + a**5/20 + a**3/2 + 3*a**2. Determine b(-3).
3
Let d(z) = z + 15. Let u(g) = -1. Let w(i) = -d(i) - 5*u(i). Determine w(-7).
-3
Let b(p) be the third derivative of p**4/24 + p**3/6 - 6*p**2. Let r(z) = z**2 + 3*z + 3. Let d be r(-2). Calculate b(d).
2
Let t be 2/((-8)/3 - -2). Let x be (-2)/12*-3*8. Let v = t + x. Let r(j) = 8*j**2 - j + 1. Determine r(v).
8
Let v(a) = 4*a**2 - 3. Let u(g) = -5*g**2 + 4. Let i(b) = -3*u(b) - 4*v(b). Suppose -1 = 3*k - 4. Let q be ((0/(-1))/k)/(-1). Give i(q).
0
Let c(v) = -3*v + 4. Suppose 4*y - 16 = 4*x, -y - 4*y = -3*x - 18. Let m be y/3 - (-6)/3. Calculate c(m).
-5
Let a be (-2)/(-3) + (-98)/(-6). Let v(w) = -a*w + 17*w + 6*w**2 - 1. What is v(-1)?
5
Let s = -5 - -7. Let a(o) = -2*o + 12*o**3 - 4*o**s - 13*o**3 - o - 3. Give a(-2).
-5
Let l be (-3)/1*85/(-51). Suppose -3 = 2*h + l*t, 2*h - 2*t = 5*h + 10. Let m(y) = y**3 + 3*y**2 - 6*y - 4. Give m(h).
4
Let w(h) be the third derivative of h**5/4 + h**4/24 + h**3/6 - 7*h**2. Calculate w(-1).
15
Let b(d) = -d**3 + 4*d**2 - d - 5. Suppose -y + q + 14 = 0, 4*y - 2*q - 60 = 3*q. Suppose 3*v - y = -4*s, 0*s + 2*s - 4*v = 16. What is b(s)?
-9
Let f(g) = g - 4. Let m be f(7). Let v(z) = -2*z + 2*z + m*z**2 - 2*z + 2 - z**3 + 2. What is v(3)?
-2
Let j(y) = -4 - y + y + 3 + 10*y. Let t(h) = -h**3 - 5*h**2 - h - 4. Let x be t(-5). What is j(x)?
9
Let a(c) be the second derivative of -c**4/12 - c**3/6 - c**2/2 - 14*c. Give a(-1).
-1
Let o be ((-17 - -8) + 1)*1/2. Let r(v) = -v**3 - 6*v**2 - 7*v - 4. Determine r(o).
-8
Suppose 3*k + 18 = 15. Let q = 2 + -1. Let r(s) = -14*s**3 - 2 + 0 + 3*s**3 - s**2 + q - s. Give r(k).
10
Let g(d) = 1 - 5*d**2 - 2 + 12*d**2. Let z(f) = -f**3 + 4*f**2 - 4*f + 2. Let p be z(3). Calculate g(p).
6
Let o(v) = 3 + 7 - v - 1 - 8. What is o(3)?
-2
Let j(c) = -c**2 + 2*c + 1. Let k be (-4)/6 - (-1)/(-3). Let x(w) = w + 1. Let v be x(k). Suppose -8 = -v*t - 4*t. Calculate j(t).
1
Let k(x) = -x**3 + 4*x**2 - 3*x - 1. Let w be k(3). Let n be (-1 - 1/w) + 1. Let o(c) = 5*c**2 + 2*c - 1. Give o(n).
6
Let r(g) = -10*g**2 - 3*g + 7. Let o(v) = -15*v**2 + 0*v - 5*v + 9 + 2. Let j(q) = -5*o(q) + 8*r(q). Suppose c - 13 = 14*c. Determine j(c).
-5
Let g(l) = l**3 - 2*l**2 - l - 3. Let h be g(3). Let m(d) = d**2 + d - 2. Give m(h).
10
Let c(a) = a**3 + 7*a**2 - 2*a - 10. Suppose 9 = 2*i + 23. What is c(i)?
4
Let k(m) = m**2 - 7*m + 6. Let t = 27 - 19. Let c be (-1)/(-4) - (-76)/16. Suppose -2*a + t = 0, -3*x - c*a = 2*x - 40. Give k(x).
-6
Let g(h) = h**3 + 11*h**2 + 12*h + 13. Let v be g(-10). Let w(o) = o**2 + 7*o - 3. Calculate w(v).
-3
Let a(o) be the second derivative of o**8/6720 - o**7/504 + o**6/180 - o**5/30 + o**4/3 + 4*o. Let j(f) be the third derivative of a(f). Determine j(4).
-4
Let f(x) = -x**3 - 5*x**2 - 4*x + 1. Let s be 0/(4 + -1 + -1). Suppose 0 = -5*h + 3*d, s*d = 5*h - 5*d - 10. Calculate f(h).
-5
Let k be 1/4 - (-6)/8. Let c = -1 - -4. Let m(h) = -h - 4*h + 1 - 7*h**c + h**2 + 4*h. Give m(k).
-6
Let i(z) = -z + 6. Suppose 0*x + 3*x = 0. What is i(x)?
6
Let l(d) = -d - 2*d + 4 + 4*d. Let x be (36/(-45))/((-2)/(-15)). Give l(x).
-2
Let g(o) = -11*o - 1. Let y(l) = -l**2 + 7*l + 1. Let b be y(7). Determine g(b).
-12
Let a(r) = 4 - r - 1 + 1 - 3. Calculate a(-2).
3
Let n(i) = 7*i**3 + 5*i**3 - i**2 + 2*i**3 + 2*i**3. Give n(1).
15
Let s(a) = a + 1. Let n(o) = -o - 9. Let k(u) = -n(u) - 2*s(u). Give k(-5).
12
Let n(p) = 2*p - 1. Let t(k) = k**2 - 10*k + 8. Let r be t(8). Let m be (30/(-20))/((-3)/r). Calculate n(m).
-9
Let l(r) = -r + 1. Let h(m) be the third derivative of m**5/15 + 2*m**3/3 + 4*m**2. Let d(f) = -h(f) + 3*l(f). Calculate d(-2).
-11
Let a = 1 + -3. Let p = 5 - 3. Let n(l) = -l**2 + p*l**3 + 4*l**2 + 13 - 14. What is n(a)?
-5
Let m(w) = -2*w - 1. Let p(f) = -3*f. Let y be p(-2). Suppose -y*b - 6 = -4*b. Calculate m(b).
5
Let a(s) = s**2 + 5*s**2 - 4 + 3. Let h(x) = 18*x**2 - 3. Let z(f) = 17*a(f) - 6*h(f). Let o(b) = 7*b**2 + b - 1. Let p(q) = 2*o(q) + 3*z(q). What is p(-1)?
-5
Let g(x) be the third derivative of 0*x + 0 - 2/3*x**3 - 1/8*x**4 + x**2. What is g(-4)?
8
Let n(r) = r + 4. Suppose -3*o = -3 - 3. Suppose 0 = h - v + o, -4 = 3*h - 5*v - 2. Calculate n(h).
0
Let j(v) = -v**2 - 6*v - 2. Suppose 5*b = 3*c + 5, -2*c - 2 - 4 = -2*b. Let o be j(c). Let t(x) = x**2 + 2*x - 3. Calculate t(o).
12
Let s(k) = k**2 - 2*k - 1. Let h(r) = -2*r**2 + r + 1. Let b(m) = -2*h(m) - 3*s(m). Give b(-3).
-2
Let m = 9 + -14. Let z = -1 + 2. Let a(k) = k**3 - 8*k**2 - 4*k. Let x(p) = -p**3 + p**2 - p. Let d(u) = z*a(u) + 2*x(u). Determine d(m).
5
Let k(m) be the second derivative of m**7/840 - m**6/60 + m**5/24 - m**4/6 + m**3/2 + 2*m. Let u(i) be the second derivative of k(i). Give u(5).
-4
Let k(d) be the third derivative of -d**6/120 - d**5/20 + 26*d**2. Determine k(-3).
0
Suppose -o + 6*c + 2 = 2*c, c = 0. Let w(j) = -j**3 - 5 + 10*j**2 - 3*j**2 - j**o + 0*j**2. What is w(6)?
-5
Let v(i) be the third derivative of i**6/120 + i**5/12 + i**3/6 + 2*i**2. Calculate v(-5).
1
Let r(c) = -7*c**3 + 4*c**2 - 3*c - 3. Let l(o) = 2*o**2 - 2 - 3*o**3 + 1 + 0 - o. Let h(b) = 5*l(b) - 2*r(b). Suppose -2*d + 2 = -d. What is h(d)?
3
Let s be (2 + -2)/(3/(-3)). Let l = s - -2. Let m(c) = c. Give m(l).
2
Let s(f) be the third derivative of f**3 + 1/12*f**4 + 0*f + 4*f**2 + 0. Determine s(-5).
-4
Let p(d) = -d - 10. Let n be p(-8). Let m(i) = 0*i**3 - 3 - 2*i - 2*i**2 - i**2 - i**3. Determine m(n).
-3
Let j(o) = -o**3 + o**2 + o + 1. Let u(m) = 2*m - 24. Let t be u(13). Calculate j(t).
-1
Let f(c) = -c**3 - 7*c**2 - 5*c - 2. Let i(s) = s + 4. Let t be i(-10). Let y be 38/(-6) + t/(-18). Calculate f(y).
-8
Let d(y) be the second derivative of y**2 - 1/15*y**5 - 1/2*y**3 + 0 - 2*y + 1/120*y**6 + 1/6*y**4. Let g(x) be the first derivative of d(x). Determine g(3).
0
Suppose 0 = 5*a - 8*a + 15. Let w(l) = -2 + 2 - 2*l**2 - l**3 - 6 - a*l**2. Determine w(-7).
-6
Let j(y) = 9*y**3 - 28 - 2*y + 2*y**3 + 29. What is j(1)?
10
Let y(l) = -2*l - 4. Suppose 0 = -2*t